{"id":1844,"date":"2020-12-07T05:56:59","date_gmt":"2020-12-07T04:56:59","guid":{"rendered":"https:\/\/renemaran.com\/?page_id=1844"},"modified":"2021-01-19T16:05:40","modified_gmt":"2021-01-19T15:05:40","slug":"bibliographie","status":"publish","type":"page","link":"https:\/\/renemaran.com\/index.php\/bibliographie\/","title":{"rendered":"Bibliographie"},"content":{"rendered":"\t\t<div data-elementor-type=\"wp-page\" data-elementor-id=\"1844\" class=\"elementor elementor-1844\">\n\t\t\t\t\t\t<div class=\"elementor-inner\">\n\t\t\t\t<div class=\"elementor-section-wrap\">\n\t\t\t\t\t\t\t\t\t<section class=\"elementor-section elementor-top-section elementor-element elementor-element-ba1469f elementor-section-stretched elementor-section-boxed elementor-section-height-default elementor-section-height-default\" data-id=\"ba1469f\" data-element_type=\"section\" data-settings=\"{&quot;stretch_section&quot;:&quot;section-stretched&quot;}\">\n\t\t\t\t\t\t<div class=\"elementor-container elementor-column-gap-default\">\n\t\t\t\t\t\t\t<div class=\"elementor-row\">\n\t\t\t\t\t<div class=\"elementor-column elementor-col-100 elementor-top-column elementor-element elementor-element-6c21b0a\" data-id=\"6c21b0a\" data-element_type=\"column\">\n\t\t\t<div class=\"elementor-column-wrap\">\n\t\t\t\t\t\t\t<div class=\"elementor-widget-wrap\">\n\t\t\t\t\t\t\t\t<\/div>\n\t\t\t\t\t<\/div>\n\t\t<\/div>\n\t\t\t\t\t\t\t\t<\/div>\n\t\t\t\t\t<\/div>\n\t\t<\/section>\n\t\t\t\t<section class=\"elementor-section elementor-top-section elementor-element elementor-element-b1cf0e1 elementor-section-boxed elementor-section-height-default elementor-section-height-default\" data-id=\"b1cf0e1\" data-element_type=\"section\">\n\t\t\t\t\t\t<div class=\"elementor-container elementor-column-gap-default\">\n\t\t\t\t\t\t\t<div class=\"elementor-row\">\n\t\t\t\t\t<div class=\"elementor-column elementor-col-100 elementor-top-column elementor-element elementor-element-66a4029\" data-id=\"66a4029\" data-element_type=\"column\">\n\t\t\t<div class=\"elementor-column-wrap elementor-element-populated\">\n\t\t\t\t\t\t\t<div class=\"elementor-widget-wrap\">\n\t\t\t\t\t\t<div class=\"elementor-element elementor-element-42a3cf2 elementor-widget elementor-widget-text-editor\" data-id=\"42a3cf2\" data-element_type=\"widget\" data-widget_type=\"text-editor.default\">\n\t\t\t\t<div class=\"elementor-widget-container\">\n\t\t\t\t\t\t\t\t<div class=\"elementor-text-editor elementor-clearfix\">\n\t\t\t\t<h3>Romans:<\/h3><ul><li><em>Batouala, v\u00e9ritable roman n\u00e8gre<\/em>. Paris: Albin Michel, 1921, 1938. Avec des illustrations de Lacovleff. Paris: \u00c9ditions Mornay, 1928. \u00c9dition d\u00e9finitive avec \u00ab\u00a0Youmba, la mangouste\u00a0\u00bb: Albin Michel, 1985, 1989, 1999. Avec une pr\u00e9sentation, notes, questions et apr\u00e8s-texte par Josiane Grinfas: Paris: Magnard, 2002.<\/li><li><em>Djouma, chien de brousse\u2026\u00a0<\/em>Paris: Albin Michel, 1927.<\/li><li><em>Journal sans date<\/em>, roman in\u00e9dit.\u00a0<em>Les Oeuvres libres<\/em>\u00a0(Paris) 73 (1927): 105-236.<\/li><li><em>Le c\u0153ur serr\u00e9<\/em>. Paris: Albin Michel, 1931.<\/li><li><em>L\u2019homme qui attend<\/em>, roman in\u00e9dit et complet.\u00a0<em>Les Oeuvres libres<\/em>\u00a0(Paris) 176 (1936): 37-130.<\/li><li><em>Un homme pareil aux autres<\/em>. Paris: \u00c9ditions Arc-en-Ciel, 1947.<\/li><li><em>Mbala, l\u2019\u00e9l\u00e9phant<\/em>. Illustrations de G. Barret. Paris: \u00c9ditions Arc-en-Ciel, 1947.<\/li><li><em>Bacouya, le cynoc\u00e9phale<\/em>. Paris: Albin Michel, 1953.<\/li><\/ul><h3>Essais:<\/h3><ul><li><em>Asepsie noire\u00a0!<\/em>\u00a0Paris: Laboratoires Martinet, 1931, 45 p.; Paris: Jean-Michel Place, 2006, 64\u00a0p.<\/li><li><em>Le Tchad de sable et d\u2019or<\/em>. Documentation de Pierre Deloncle. Paris: Revue fran\u00e7aise, 1931.<\/li><li><em>Afrique \u00c9quatoriale Fran\u00e7aise: terres et races d\u2019avenir<\/em>. Illustr\u00e9 par Paul Jouve. Paris: L\u2019Imprimerie de Vaugirard, 1937.<\/li><li><em>Livingstone et l\u2019exploration de l\u2019Afrique<\/em>. Paris: Gallimard, 1938.<\/li><li><em>Brazza et la fondation de l\u2019A.E.F.<\/em>\u00a0Paris: Gallimard, 1941.<\/li><li><em>Les pionniers de l\u2019empire<\/em>. Paris: Albin Michel, 1943-55.\u00a0Tome 1: Jean de B\u00e9thencourt. Anselme d\u2019Isalguier. Binot le Paulmeir de Gonneville. Jacques Cartier. Jean Parmentier. Nicolas Durand de Villegaignon. Jean Ribaut. Tome 2: Samuel Champlain. Belain d\u2019Esnambuc. Robert Cavelier de la Salle. Tome 3: Andr\u00e9 Br\u00fce. Joseph-Fran\u00e7ois Dupleix. Ren\u00e9 Madec. Pigneaux de Behaine.<\/li><li><em>Savorgnan de Brazza<\/em>. Paris: \u00c9ditions du Dauphin, 1951.<\/li><li><em>B\u00eates de la brousse.\u00a0<\/em>Paris: Albin Michel, 1952.<\/li><li><em>F\u00e9lix \u00c9bou\u00e9, grand commis et loyal serviteur, 1885-1944<\/em>. Paris: \u00c9ditions Parisiennes, 1957.<\/li><li><em>Bertrand du Guesclin, l\u2019\u00e9p\u00e9e du roi<\/em>. Paris: Albin Michel, 1960.<\/li><\/ul><h3>Nouvelles:<\/h3><ul><li><em>Peines de c\u0153ur<\/em>. Paris: \u00ab\u00a0Univers,\u00a0\u00bb 1944. (\u00ab\u00a0Peines de c\u0153ur\u00a0\u00bb, \u00ab\u00a0L\u2019homme qui attend\u00a0\u00bb, et \u00ab\u00a0Deux amis\u00a0\u00bb).<\/li><li><em>Le petit roi de Chim\u00e9rie<\/em>, conte. Pr\u00e9face de L\u00e9on Bocquet. Paris: Albin Michel, 1924, 237 p.<\/li><\/ul><h3>Po\u00e9sie:<\/h3><ul><li><em>La maison du bonheur<\/em>. Paris: Le Beffroi, 1909.<\/li><li><em>La vie int\u00e9rieure; po\u00e8mes (1909-1912)<\/em>. Paris: Le Beffroi, 1912.<\/li><li><em>Le livre du souvenir, po\u00e8mes, 1909-1957<\/em>. Paris: Pr\u00e9sence Africaine, 1958.<\/li><\/ul>\t\t\t\t\t<\/div>\n\t\t\t\t\t\t<\/div>\n\t\t\t\t<\/div>\n\t\t\t\t\t\t<\/div>\n\t\t\t\t\t<\/div>\n\t\t<\/div>\n\t\t\t\t\t\t\t\t<\/div>\n\t\t\t\t\t<\/div>\n\t\t<\/section>\n\t\t\t\t<section class=\"elementor-section elementor-top-section elementor-element elementor-element-4b0f80f elementor-section-boxed elementor-section-height-default elementor-section-height-default\" data-id=\"4b0f80f\" data-element_type=\"section\">\n\t\t\t\t\t\t<div class=\"elementor-container elementor-column-gap-default\">\n\t\t\t\t\t\t\t<div class=\"elementor-row\">\n\t\t\t\t\t<div class=\"elementor-column elementor-col-100 elementor-top-column elementor-element elementor-element-1580428\" data-id=\"1580428\" data-element_type=\"column\">\n\t\t\t<div class=\"elementor-column-wrap elementor-element-populated\">\n\t\t\t\t\t\t\t<div class=\"elementor-widget-wrap\">\n\t\t\t\t\t\t<div class=\"elementor-element elementor-element-acfedde elementor-align-center elementor-widget elementor-widget-button\" data-id=\"acfedde\" data-element_type=\"widget\" data-widget_type=\"button.default\">\n\t\t\t\t<div class=\"elementor-widget-container\">\n\t\t\t\t\t<div class=\"elementor-button-wrapper\">\n\t\t\t<a href=\"http:\/\/www.soumbala.com\/news\/maran.htm\" target=\"_blank\" class=\"elementor-button-link elementor-button elementor-size-sm\" role=\"button\">\n\t\t\t\t\t\t<span class=\"elementor-button-content-wrapper\">\n\t\t\t\t\t\t<span class=\"elementor-button-text\">Pour consulter une bibliographie plus compl\u00e8te Cliquez ici<\/span>\n\t\t<\/span>\n\t\t\t\t\t<\/a>\n\t\t<\/div>\n\t\t\t\t<\/div>\n\t\t\t\t<\/div>\n\t\t\t\t\t\t<\/div>\n\t\t\t\t\t<\/div>\n\t\t<\/div>\n\t\t\t\t\t\t\t\t<\/div>\n\t\t\t\t\t<\/div>\n\t\t<\/section>\n\t\t\t\t\t\t\t\t\t<\/div>\n\t\t\t<\/div>\n\t\t\t\t\t<\/div>\n\t\t","protected":false},"excerpt":{"rendered":"<p>Romans: Batouala, v\u00e9ritable roman n\u00e8gre. Paris: Albin Michel, 1921, 1938. Avec des illustrations de Lacovleff. Paris: \u00c9ditions Mornay, 1928. \u00c9dition d\u00e9finitive avec \u00ab\u00a0Youmba, la mangouste\u00a0\u00bb: Albin Michel, 1985, 1989, 1999. Avec une pr\u00e9sentation, notes, questions et apr\u00e8s-texte par Josiane Grinfas: Paris: Magnard, 2002. Djouma, chien de brousse\u2026\u00a0Paris: Albin Michel, 1927. Journal sans date, roman in\u00e9dit.\u00a0Les [&hellip;]<\/p>\n","protected":false},"author":2,"featured_media":0,"parent":0,"menu_order":0,"comment_status":"closed","ping_status":"closed","template":"","meta":{"ocean_post_layout":"","ocean_both_sidebars_style":"","ocean_both_sidebars_content_width":0,"ocean_both_sidebars_sidebars_width":0,"ocean_sidebar":"0","ocean_second_sidebar":"0","ocean_disable_margins":"enable","ocean_add_body_class":"","ocean_shortcode_before_top_bar":"","ocean_shortcode_after_top_bar":"","ocean_shortcode_before_header":"","ocean_shortcode_after_header":"","ocean_has_shortcode":"","ocean_shortcode_after_title":"","ocean_shortcode_before_footer_widgets":"","ocean_shortcode_after_footer_widgets":"","ocean_shortcode_before_footer_bottom":"","ocean_shortcode_after_footer_bottom":"","ocean_display_top_bar":"default","ocean_display_header":"default","ocean_header_style":"","ocean_center_header_left_menu":"0","ocean_custom_header_template":"0","ocean_custom_logo":0,"ocean_custom_retina_logo":0,"ocean_custom_logo_max_width":0,"ocean_custom_logo_tablet_max_width":0,"ocean_custom_logo_mobile_max_width":0,"ocean_custom_logo_max_height":0,"ocean_custom_logo_tablet_max_height":0,"ocean_custom_logo_mobile_max_height":0,"ocean_header_custom_menu":"0","ocean_menu_typo_font_family":"0","ocean_menu_typo_font_subset":"","ocean_menu_typo_font_size":0,"ocean_menu_typo_font_size_tablet":0,"ocean_menu_typo_font_size_mobile":0,"ocean_menu_typo_font_size_unit":"px","ocean_menu_typo_font_weight":"","ocean_menu_typo_font_weight_tablet":"","ocean_menu_typo_font_weight_mobile":"","ocean_menu_typo_transform":"","ocean_menu_typo_transform_tablet":"","ocean_menu_typo_transform_mobile":"","ocean_menu_typo_line_height":0,"ocean_menu_typo_line_height_tablet":0,"ocean_menu_typo_line_height_mobile":0,"ocean_menu_typo_line_height_unit":"","ocean_menu_typo_spacing":0,"ocean_menu_typo_spacing_tablet":0,"ocean_menu_typo_spacing_mobile":0,"ocean_menu_typo_spacing_unit":"","ocean_menu_link_color":"","ocean_menu_link_color_hover":"","ocean_menu_link_color_active":"","ocean_menu_link_background":"","ocean_menu_link_hover_background":"","ocean_menu_link_active_background":"","ocean_menu_social_links_bg":"","ocean_menu_social_hover_links_bg":"","ocean_menu_social_links_color":"","ocean_menu_social_hover_links_color":"","ocean_disable_title":"on","ocean_disable_heading":"default","ocean_post_title":"","ocean_post_subheading":"","ocean_post_title_style":"","ocean_post_title_background_color":"","ocean_post_title_background":0,"ocean_post_title_bg_image_position":"","ocean_post_title_bg_image_attachment":"","ocean_post_title_bg_image_repeat":"","ocean_post_title_bg_image_size":"","ocean_post_title_height":0,"ocean_post_title_bg_overlay":0.5,"ocean_post_title_bg_overlay_color":"","ocean_disable_breadcrumbs":"default","ocean_breadcrumbs_color":"","ocean_breadcrumbs_separator_color":"","ocean_breadcrumbs_links_color":"","ocean_breadcrumbs_links_hover_color":"","ocean_display_footer_widgets":"default","ocean_display_footer_bottom":"default","ocean_custom_footer_template":"0"},"yoast_head":"<!-- This site is optimized with the Yoast SEO plugin v18.4.1 - https:\/\/yoast.com\/wordpress\/plugins\/seo\/ -->\n<title>Bibliographie - Ren\u00e9 Maran<\/title>\n<meta name=\"robots\" content=\"index, follow, max-snippet:-1, max-image-preview:large, max-video-preview:-1\" \/>\n<link rel=\"canonical\" href=\"https:\/\/renemaran.com\/index.php\/bibliographie\/\" \/>\n<meta property=\"og:locale\" content=\"fr_FR\" \/>\n<meta property=\"og:type\" content=\"article\" \/>\n<meta property=\"og:title\" content=\"Bibliographie - Ren\u00e9 Maran\" \/>\n<meta property=\"og:description\" content=\"Romans: Batouala, v\u00e9ritable roman n\u00e8gre. Paris: Albin Michel, 1921, 1938. Avec des illustrations de Lacovleff. Paris: \u00c9ditions Mornay, 1928. \u00c9dition d\u00e9finitive avec \u00ab\u00a0Youmba, la mangouste\u00a0\u00bb: Albin Michel, 1985, 1989, 1999. Avec une pr\u00e9sentation, notes, questions et apr\u00e8s-texte par Josiane Grinfas: Paris: Magnard, 2002. Djouma, chien de brousse\u2026\u00a0Paris: Albin Michel, 1927. Journal sans date, roman in\u00e9dit.\u00a0Les [&hellip;]\" \/>\n<meta property=\"og:url\" content=\"https:\/\/renemaran.com\/index.php\/bibliographie\/\" \/>\n<meta property=\"og:site_name\" content=\"Ren\u00e9 Maran\" \/>\n<meta property=\"article:modified_time\" content=\"2021-01-19T15:05:40+00:00\" \/>\n<meta name=\"twitter:card\" content=\"summary_large_image\" \/>\n<meta name=\"twitter:label1\" content=\"Dur\u00e9e de lecture estim\u00e9e\" \/>\n\t<meta name=\"twitter:data1\" content=\"2 minutes\" \/>\n<script type=\"application\/ld+json\" class=\"yoast-schema-graph\">{\"@context\":\"https:\/\/schema.org\",\"@graph\":[{\"@type\":[\"Person\",\"Organization\"],\"@id\":\"https:\/\/renemaran.com\/#\/schema\/person\/c9f293ce270dbc362db19c0ee539baf5\",\"name\":\"Jimmy Brisset\",\"logo\":{\"@id\":\"https:\/\/renemaran.com\/#personlogo\"}},{\"@type\":\"WebSite\",\"@id\":\"https:\/\/renemaran.com\/#website\",\"url\":\"https:\/\/renemaran.com\/\",\"name\":\"Ren\u00e9 Maran\",\"description\":\"Premier \u00e9crivain noir \u00e0 obtenir le prix Goncourt en 1921\",\"publisher\":{\"@id\":\"https:\/\/renemaran.com\/#\/schema\/person\/c9f293ce270dbc362db19c0ee539baf5\"},\"potentialAction\":[{\"@type\":\"SearchAction\",\"target\":{\"@type\":\"EntryPoint\",\"urlTemplate\":\"https:\/\/renemaran.com\/?s={search_term_string}\"},\"query-input\":\"required name=search_term_string\"}],\"inLanguage\":\"fr-FR\"},{\"@type\":\"WebPage\",\"@id\":\"https:\/\/renemaran.com\/index.php\/bibliographie\/#webpage\",\"url\":\"https:\/\/renemaran.com\/index.php\/bibliographie\/\",\"name\":\"Bibliographie - Ren\u00e9 Maran\",\"isPartOf\":{\"@id\":\"https:\/\/renemaran.com\/#website\"},\"datePublished\":\"2020-12-07T04:56:59+00:00\",\"dateModified\":\"2021-01-19T15:05:40+00:00\",\"breadcrumb\":{\"@id\":\"https:\/\/renemaran.com\/index.php\/bibliographie\/#breadcrumb\"},\"inLanguage\":\"fr-FR\",\"potentialAction\":[{\"@type\":\"ReadAction\",\"target\":[\"https:\/\/renemaran.com\/index.php\/bibliographie\/\"]}]},{\"@type\":\"BreadcrumbList\",\"@id\":\"https:\/\/renemaran.com\/index.php\/bibliographie\/#breadcrumb\",\"itemListElement\":[{\"@type\":\"ListItem\",\"position\":1,\"name\":\"Accueil\",\"item\":\"https:\/\/renemaran.com\/\"},{\"@type\":\"ListItem\",\"position\":2,\"name\":\"Bibliographie\"}]}]}<\/script>\n<!-- \/ Yoast SEO plugin. -->","yoast_head_json":{"title":"Bibliographie - Ren\u00e9 Maran","robots":{"index":"index","follow":"follow","max-snippet":"max-snippet:-1","max-image-preview":"max-image-preview:large","max-video-preview":"max-video-preview:-1"},"canonical":"https:\/\/renemaran.com\/index.php\/bibliographie\/","og_locale":"fr_FR","og_type":"article","og_title":"Bibliographie - Ren\u00e9 Maran","og_description":"Romans: Batouala, v\u00e9ritable roman n\u00e8gre. Paris: Albin Michel, 1921, 1938. Avec des illustrations de Lacovleff. Paris: \u00c9ditions Mornay, 1928. \u00c9dition d\u00e9finitive avec \u00ab\u00a0Youmba, la mangouste\u00a0\u00bb: Albin Michel, 1985, 1989, 1999. Avec une pr\u00e9sentation, notes, questions et apr\u00e8s-texte par Josiane Grinfas: Paris: Magnard, 2002. Djouma, chien de brousse\u2026\u00a0Paris: Albin Michel, 1927. Journal sans date, roman in\u00e9dit.\u00a0Les [&hellip;]","og_url":"https:\/\/renemaran.com\/index.php\/bibliographie\/","og_site_name":"Ren\u00e9 Maran","article_modified_time":"2021-01-19T15:05:40+00:00","twitter_card":"summary_large_image","twitter_misc":{"Dur\u00e9e de lecture estim\u00e9e":"2 minutes"},"schema":{"@context":"https:\/\/schema.org","@graph":[{"@type":["Person","Organization"],"@id":"https:\/\/renemaran.com\/#\/schema\/person\/c9f293ce270dbc362db19c0ee539baf5","name":"Jimmy Brisset","logo":{"@id":"https:\/\/renemaran.com\/#personlogo"}},{"@type":"WebSite","@id":"https:\/\/renemaran.com\/#website","url":"https:\/\/renemaran.com\/","name":"Ren\u00e9 Maran","description":"Premier \u00e9crivain noir \u00e0 obtenir le prix Goncourt en 1921","publisher":{"@id":"https:\/\/renemaran.com\/#\/schema\/person\/c9f293ce270dbc362db19c0ee539baf5"},"potentialAction":[{"@type":"SearchAction","target":{"@type":"EntryPoint","urlTemplate":"https:\/\/renemaran.com\/?s={search_term_string}"},"query-input":"required name=search_term_string"}],"inLanguage":"fr-FR"},{"@type":"WebPage","@id":"https:\/\/renemaran.com\/index.php\/bibliographie\/#webpage","url":"https:\/\/renemaran.com\/index.php\/bibliographie\/","name":"Bibliographie - Ren\u00e9 Maran","isPartOf":{"@id":"https:\/\/renemaran.com\/#website"},"datePublished":"2020-12-07T04:56:59+00:00","dateModified":"2021-01-19T15:05:40+00:00","breadcrumb":{"@id":"https:\/\/renemaran.com\/index.php\/bibliographie\/#breadcrumb"},"inLanguage":"fr-FR","potentialAction":[{"@type":"ReadAction","target":["https:\/\/renemaran.com\/index.php\/bibliographie\/"]}]},{"@type":"BreadcrumbList","@id":"https:\/\/renemaran.com\/index.php\/bibliographie\/#breadcrumb","itemListElement":[{"@type":"ListItem","position":1,"name":"Accueil","item":"https:\/\/renemaran.com\/"},{"@type":"ListItem","position":2,"name":"Bibliographie"}]}]}},"_links":{"self":[{"href":"https:\/\/renemaran.com\/index.php\/wp-json\/wp\/v2\/pages\/1844"}],"collection":[{"href":"https:\/\/renemaran.com\/index.php\/wp-json\/wp\/v2\/pages"}],"about":[{"href":"https:\/\/renemaran.com\/index.php\/wp-json\/wp\/v2\/types\/page"}],"author":[{"embeddable":true,"href":"https:\/\/renemaran.com\/index.php\/wp-json\/wp\/v2\/users\/2"}],"replies":[{"embeddable":true,"href":"https:\/\/renemaran.com\/index.php\/wp-json\/wp\/v2\/comments?post=1844"}],"version-history":[{"count":70,"href":"https:\/\/renemaran.com\/index.php\/wp-json\/wp\/v2\/pages\/1844\/revisions"}],"predecessor-version":[{"id":3305,"href":"https:\/\/renemaran.com\/index.php\/wp-json\/wp\/v2\/pages\/1844\/revisions\/3305"}],"wp:attachment":[{"href":"https:\/\/renemaran.com\/index.php\/wp-json\/wp\/v2\/media?parent=1844"}],"curies":[{"name":"wp","href":"https:\/\/api.w.org\/{rel}","templated":true}]}}