{"id":2304,"date":"2020-12-10T11:46:39","date_gmt":"2020-12-10T10:46:39","guid":{"rendered":"https:\/\/renemaran.com\/?page_id=2304"},"modified":"2021-04-29T20:34:43","modified_gmt":"2021-04-29T18:34:43","slug":"citations-de-rene-maran","status":"publish","type":"page","link":"https:\/\/renemaran.com\/index.php\/citations-de-rene-maran\/","title":{"rendered":"Citations de Ren\u00e9 Maran"},"content":{"rendered":"\t\t<div data-elementor-type=\"wp-page\" data-elementor-id=\"2304\" class=\"elementor elementor-2304\">\n\t\t\t\t\t\t<div class=\"elementor-inner\">\n\t\t\t\t<div class=\"elementor-section-wrap\">\n\t\t\t\t\t\t\t\t\t<section class=\"elementor-section elementor-top-section elementor-element elementor-element-9ea568c elementor-section-boxed elementor-section-height-default elementor-section-height-default\" data-id=\"9ea568c\" data-element_type=\"section\">\n\t\t\t\t\t\t<div class=\"elementor-container elementor-column-gap-default\">\n\t\t\t\t\t\t\t<div class=\"elementor-row\">\n\t\t\t\t\t<div class=\"elementor-column elementor-col-100 elementor-top-column elementor-element elementor-element-6b3600a\" data-id=\"6b3600a\" data-element_type=\"column\">\n\t\t\t<div class=\"elementor-column-wrap elementor-element-populated\">\n\t\t\t\t\t\t\t<div class=\"elementor-widget-wrap\">\n\t\t\t\t\t\t<section class=\"elementor-section elementor-inner-section elementor-element elementor-element-e16c1a2 elementor-section-boxed elementor-section-height-default elementor-section-height-default\" data-id=\"e16c1a2\" data-element_type=\"section\">\n\t\t\t\t\t\t<div class=\"elementor-container elementor-column-gap-default\">\n\t\t\t\t\t\t\t<div class=\"elementor-row\">\n\t\t\t\t\t<div class=\"elementor-column elementor-col-100 elementor-inner-column elementor-element elementor-element-c233aa9\" data-id=\"c233aa9\" data-element_type=\"column\">\n\t\t\t<div class=\"elementor-column-wrap elementor-element-populated\">\n\t\t\t\t\t\t\t<div class=\"elementor-widget-wrap\">\n\t\t\t\t\t\t<div class=\"elementor-element elementor-element-ed12beb elementor-widget elementor-widget-heading\" data-id=\"ed12beb\" data-element_type=\"widget\" data-widget_type=\"heading.default\">\n\t\t\t\t<div class=\"elementor-widget-container\">\n\t\t\t<h2 class=\"elementor-heading-title elementor-size-default\">CITATIONS DE RENE MARAN<\/h2>\t\t<\/div>\n\t\t\t\t<\/div>\n\t\t\t\t\t\t<\/div>\n\t\t\t\t\t<\/div>\n\t\t<\/div>\n\t\t\t\t\t\t\t\t<\/div>\n\t\t\t\t\t<\/div>\n\t\t<\/section>\n\t\t\t\t\t\t<\/div>\n\t\t\t\t\t<\/div>\n\t\t<\/div>\n\t\t\t\t\t\t\t\t<\/div>\n\t\t\t\t\t<\/div>\n\t\t<\/section>\n\t\t\t\t<section class=\"elementor-section elementor-top-section elementor-element elementor-element-3da1ac6 elementor-section-boxed elementor-section-height-default elementor-section-height-default\" data-id=\"3da1ac6\" data-element_type=\"section\">\n\t\t\t\t\t\t<div class=\"elementor-container elementor-column-gap-default\">\n\t\t\t\t\t\t\t<div class=\"elementor-row\">\n\t\t\t\t\t<div class=\"elementor-column elementor-col-100 elementor-top-column elementor-element elementor-element-1e7a734\" data-id=\"1e7a734\" data-element_type=\"column\">\n\t\t\t<div class=\"elementor-column-wrap elementor-element-populated\">\n\t\t\t\t\t\t\t<div class=\"elementor-widget-wrap\">\n\t\t\t\t\t\t<div class=\"elementor-element elementor-element-db9285f elementor-widget elementor-widget-text-editor\" data-id=\"db9285f\" data-element_type=\"widget\" data-widget_type=\"text-editor.default\">\n\t\t\t\t<div class=\"elementor-widget-container\">\n\t\t\t\t\t\t\t\t<div class=\"elementor-text-editor elementor-clearfix\">\n\t\t\t\t<p>\u00ab\u00a0Par ignorance, jeunesse est volontiers goguenarde. Se moquant des vieillards et de leur sagesse, elle n\u2019essaie pas de raisonner, ou plut\u00f4t croit qu\u2019un \u00e9clat de rire vaut un raisonnement\u00a0\u00bb (Batouala)\u00a0<\/p><p>\u00a0<\/p><p>\u00ab\u00a0En tout cas, que l\u2019on soit de son avis ou non, il croyait dur comme fer et n\u2019en d\u00e9mordait pas, jusqu\u2019\u00e0 preuve du contraire, que ne rien faire, c\u2019\u00e9tait profiter, en toute bonhomie et simplicit\u00e9, de tout ce qui nous entoure\u00a0\u00bb (Batouala)<\/p><p>\u00a0<\/p><p>\u00ab\u00a0Les traditions valent ce qu\u2019elles valent. Certaines sont infiniment d\u00e9sagr\u00e9ables. D\u2019autres sont tout le contraire\u00a0\u00bb (Batouala)<\/p><p>\u00ab\u00a0Savoir rire pour cacher \u00e0 tous que l&rsquo;on souffre. L&rsquo;un des secrets du bonheur est l\u00e0\u00a0\u00bb (lettre \u00e0 Charles Barailley 7 octobre 1919)<\/p><p>\u00ab\u00a0Faute d&rsquo;argent est douleur non pareille, a reconnu, je ne sais plus o\u00f9, ce bon Claude Marot. C&rsquo;est la v\u00e9rit\u00e9 \u00e9l\u00e9mentaire. On ne peut y rem\u00e9dier que par le travail\u00a0\u00bb (lettre adress\u00e9e \u00e0 Barailley 4 octobre 1936)<\/p>\t\t\t\t\t<\/div>\n\t\t\t\t\t\t<\/div>\n\t\t\t\t<\/div>\n\t\t\t\t\t\t<\/div>\n\t\t\t\t\t<\/div>\n\t\t<\/div>\n\t\t\t\t\t\t\t\t<\/div>\n\t\t\t\t\t<\/div>\n\t\t<\/section>\n\t\t\t\t\t\t\t\t\t<\/div>\n\t\t\t<\/div>\n\t\t\t\t\t<\/div>\n\t\t","protected":false},"excerpt":{"rendered":"<p>CITATIONS DE RENE MARAN \u00ab\u00a0Par ignorance, jeunesse est volontiers goguenarde. Se moquant des vieillards et de leur sagesse, elle n\u2019essaie pas de raisonner, ou plut\u00f4t croit qu\u2019un \u00e9clat de rire vaut un raisonnement\u00a0\u00bb (Batouala)\u00a0 \u00a0 \u00ab\u00a0En tout cas, que l\u2019on soit de son avis ou non, il croyait dur comme fer et n\u2019en d\u00e9mordait pas, [&hellip;]<\/p>\n","protected":false},"author":2,"featured_media":0,"parent":0,"menu_order":0,"comment_status":"closed","ping_status":"closed","template":"","meta":{"ocean_post_layout":"","ocean_both_sidebars_style":"","ocean_both_sidebars_content_width":0,"ocean_both_sidebars_sidebars_width":0,"ocean_sidebar":"0","ocean_second_sidebar":"0","ocean_disable_margins":"enable","ocean_add_body_class":"","ocean_shortcode_before_top_bar":"","ocean_shortcode_after_top_bar":"","ocean_shortcode_before_header":"","ocean_shortcode_after_header":"","ocean_has_shortcode":"","ocean_shortcode_after_title":"","ocean_shortcode_before_footer_widgets":"","ocean_shortcode_after_footer_widgets":"","ocean_shortcode_before_footer_bottom":"","ocean_shortcode_after_footer_bottom":"","ocean_display_top_bar":"default","ocean_display_header":"default","ocean_header_style":"","ocean_center_header_left_menu":"0","ocean_custom_header_template":"0","ocean_custom_logo":0,"ocean_custom_retina_logo":0,"ocean_custom_logo_max_width":0,"ocean_custom_logo_tablet_max_width":0,"ocean_custom_logo_mobile_max_width":0,"ocean_custom_logo_max_height":0,"ocean_custom_logo_tablet_max_height":0,"ocean_custom_logo_mobile_max_height":0,"ocean_header_custom_menu":"0","ocean_menu_typo_font_family":"0","ocean_menu_typo_font_subset":"","ocean_menu_typo_font_size":0,"ocean_menu_typo_font_size_tablet":0,"ocean_menu_typo_font_size_mobile":0,"ocean_menu_typo_font_size_unit":"px","ocean_menu_typo_font_weight":"","ocean_menu_typo_font_weight_tablet":"","ocean_menu_typo_font_weight_mobile":"","ocean_menu_typo_transform":"","ocean_menu_typo_transform_tablet":"","ocean_menu_typo_transform_mobile":"","ocean_menu_typo_line_height":0,"ocean_menu_typo_line_height_tablet":0,"ocean_menu_typo_line_height_mobile":0,"ocean_menu_typo_line_height_unit":"","ocean_menu_typo_spacing":0,"ocean_menu_typo_spacing_tablet":0,"ocean_menu_typo_spacing_mobile":0,"ocean_menu_typo_spacing_unit":"","ocean_menu_link_color":"","ocean_menu_link_color_hover":"","ocean_menu_link_color_active":"","ocean_menu_link_background":"","ocean_menu_link_hover_background":"","ocean_menu_link_active_background":"","ocean_menu_social_links_bg":"","ocean_menu_social_hover_links_bg":"","ocean_menu_social_links_color":"","ocean_menu_social_hover_links_color":"","ocean_disable_title":"on","ocean_disable_heading":"default","ocean_post_title":"","ocean_post_subheading":"","ocean_post_title_style":"","ocean_post_title_background_color":"","ocean_post_title_background":0,"ocean_post_title_bg_image_position":"","ocean_post_title_bg_image_attachment":"","ocean_post_title_bg_image_repeat":"","ocean_post_title_bg_image_size":"","ocean_post_title_height":0,"ocean_post_title_bg_overlay":0.5,"ocean_post_title_bg_overlay_color":"","ocean_disable_breadcrumbs":"default","ocean_breadcrumbs_color":"","ocean_breadcrumbs_separator_color":"","ocean_breadcrumbs_links_color":"","ocean_breadcrumbs_links_hover_color":"","ocean_display_footer_widgets":"default","ocean_display_footer_bottom":"default","ocean_custom_footer_template":"0"},"yoast_head":"<!-- This site is optimized with the Yoast SEO plugin v18.4.1 - https:\/\/yoast.com\/wordpress\/plugins\/seo\/ -->\n<title>Citations de Ren\u00e9 Maran - Ren\u00e9 Maran<\/title>\n<meta name=\"robots\" content=\"index, follow, max-snippet:-1, max-image-preview:large, max-video-preview:-1\" \/>\n<link rel=\"canonical\" href=\"https:\/\/renemaran.com\/index.php\/citations-de-rene-maran\/\" \/>\n<meta property=\"og:locale\" content=\"fr_FR\" \/>\n<meta property=\"og:type\" content=\"article\" \/>\n<meta property=\"og:title\" content=\"Citations de Ren\u00e9 Maran - Ren\u00e9 Maran\" \/>\n<meta property=\"og:description\" content=\"CITATIONS DE RENE MARAN \u00ab\u00a0Par ignorance, jeunesse est volontiers goguenarde. Se moquant des vieillards et de leur sagesse, elle n\u2019essaie pas de raisonner, ou plut\u00f4t croit qu\u2019un \u00e9clat de rire vaut un raisonnement\u00a0\u00bb (Batouala)\u00a0 \u00a0 \u00ab\u00a0En tout cas, que l\u2019on soit de son avis ou non, il croyait dur comme fer et n\u2019en d\u00e9mordait pas, [&hellip;]\" \/>\n<meta property=\"og:url\" content=\"https:\/\/renemaran.com\/index.php\/citations-de-rene-maran\/\" \/>\n<meta property=\"og:site_name\" content=\"Ren\u00e9 Maran\" \/>\n<meta property=\"article:modified_time\" content=\"2021-04-29T18:34:43+00:00\" \/>\n<meta name=\"twitter:card\" content=\"summary_large_image\" \/>\n<meta name=\"twitter:label1\" content=\"Dur\u00e9e de lecture estim\u00e9e\" \/>\n\t<meta name=\"twitter:data1\" content=\"1 minute\" \/>\n<script type=\"application\/ld+json\" class=\"yoast-schema-graph\">{\"@context\":\"https:\/\/schema.org\",\"@graph\":[{\"@type\":[\"Person\",\"Organization\"],\"@id\":\"https:\/\/renemaran.com\/#\/schema\/person\/c9f293ce270dbc362db19c0ee539baf5\",\"name\":\"Jimmy Brisset\",\"logo\":{\"@id\":\"https:\/\/renemaran.com\/#personlogo\"}},{\"@type\":\"WebSite\",\"@id\":\"https:\/\/renemaran.com\/#website\",\"url\":\"https:\/\/renemaran.com\/\",\"name\":\"Ren\u00e9 Maran\",\"description\":\"Premier \u00e9crivain noir \u00e0 obtenir le prix Goncourt en 1921\",\"publisher\":{\"@id\":\"https:\/\/renemaran.com\/#\/schema\/person\/c9f293ce270dbc362db19c0ee539baf5\"},\"potentialAction\":[{\"@type\":\"SearchAction\",\"target\":{\"@type\":\"EntryPoint\",\"urlTemplate\":\"https:\/\/renemaran.com\/?s={search_term_string}\"},\"query-input\":\"required name=search_term_string\"}],\"inLanguage\":\"fr-FR\"},{\"@type\":\"WebPage\",\"@id\":\"https:\/\/renemaran.com\/index.php\/citations-de-rene-maran\/#webpage\",\"url\":\"https:\/\/renemaran.com\/index.php\/citations-de-rene-maran\/\",\"name\":\"Citations de Ren\u00e9 Maran - Ren\u00e9 Maran\",\"isPartOf\":{\"@id\":\"https:\/\/renemaran.com\/#website\"},\"datePublished\":\"2020-12-10T10:46:39+00:00\",\"dateModified\":\"2021-04-29T18:34:43+00:00\",\"breadcrumb\":{\"@id\":\"https:\/\/renemaran.com\/index.php\/citations-de-rene-maran\/#breadcrumb\"},\"inLanguage\":\"fr-FR\",\"potentialAction\":[{\"@type\":\"ReadAction\",\"target\":[\"https:\/\/renemaran.com\/index.php\/citations-de-rene-maran\/\"]}]},{\"@type\":\"BreadcrumbList\",\"@id\":\"https:\/\/renemaran.com\/index.php\/citations-de-rene-maran\/#breadcrumb\",\"itemListElement\":[{\"@type\":\"ListItem\",\"position\":1,\"name\":\"Accueil\",\"item\":\"https:\/\/renemaran.com\/\"},{\"@type\":\"ListItem\",\"position\":2,\"name\":\"Citations de Ren\u00e9 Maran\"}]}]}<\/script>\n<!-- \/ Yoast SEO plugin. -->","yoast_head_json":{"title":"Citations de Ren\u00e9 Maran - Ren\u00e9 Maran","robots":{"index":"index","follow":"follow","max-snippet":"max-snippet:-1","max-image-preview":"max-image-preview:large","max-video-preview":"max-video-preview:-1"},"canonical":"https:\/\/renemaran.com\/index.php\/citations-de-rene-maran\/","og_locale":"fr_FR","og_type":"article","og_title":"Citations de Ren\u00e9 Maran - Ren\u00e9 Maran","og_description":"CITATIONS DE RENE MARAN \u00ab\u00a0Par ignorance, jeunesse est volontiers goguenarde. Se moquant des vieillards et de leur sagesse, elle n\u2019essaie pas de raisonner, ou plut\u00f4t croit qu\u2019un \u00e9clat de rire vaut un raisonnement\u00a0\u00bb (Batouala)\u00a0 \u00a0 \u00ab\u00a0En tout cas, que l\u2019on soit de son avis ou non, il croyait dur comme fer et n\u2019en d\u00e9mordait pas, [&hellip;]","og_url":"https:\/\/renemaran.com\/index.php\/citations-de-rene-maran\/","og_site_name":"Ren\u00e9 Maran","article_modified_time":"2021-04-29T18:34:43+00:00","twitter_card":"summary_large_image","twitter_misc":{"Dur\u00e9e de lecture estim\u00e9e":"1 minute"},"schema":{"@context":"https:\/\/schema.org","@graph":[{"@type":["Person","Organization"],"@id":"https:\/\/renemaran.com\/#\/schema\/person\/c9f293ce270dbc362db19c0ee539baf5","name":"Jimmy Brisset","logo":{"@id":"https:\/\/renemaran.com\/#personlogo"}},{"@type":"WebSite","@id":"https:\/\/renemaran.com\/#website","url":"https:\/\/renemaran.com\/","name":"Ren\u00e9 Maran","description":"Premier \u00e9crivain noir \u00e0 obtenir le prix Goncourt en 1921","publisher":{"@id":"https:\/\/renemaran.com\/#\/schema\/person\/c9f293ce270dbc362db19c0ee539baf5"},"potentialAction":[{"@type":"SearchAction","target":{"@type":"EntryPoint","urlTemplate":"https:\/\/renemaran.com\/?s={search_term_string}"},"query-input":"required name=search_term_string"}],"inLanguage":"fr-FR"},{"@type":"WebPage","@id":"https:\/\/renemaran.com\/index.php\/citations-de-rene-maran\/#webpage","url":"https:\/\/renemaran.com\/index.php\/citations-de-rene-maran\/","name":"Citations de Ren\u00e9 Maran - Ren\u00e9 Maran","isPartOf":{"@id":"https:\/\/renemaran.com\/#website"},"datePublished":"2020-12-10T10:46:39+00:00","dateModified":"2021-04-29T18:34:43+00:00","breadcrumb":{"@id":"https:\/\/renemaran.com\/index.php\/citations-de-rene-maran\/#breadcrumb"},"inLanguage":"fr-FR","potentialAction":[{"@type":"ReadAction","target":["https:\/\/renemaran.com\/index.php\/citations-de-rene-maran\/"]}]},{"@type":"BreadcrumbList","@id":"https:\/\/renemaran.com\/index.php\/citations-de-rene-maran\/#breadcrumb","itemListElement":[{"@type":"ListItem","position":1,"name":"Accueil","item":"https:\/\/renemaran.com\/"},{"@type":"ListItem","position":2,"name":"Citations de Ren\u00e9 Maran"}]}]}},"_links":{"self":[{"href":"https:\/\/renemaran.com\/index.php\/wp-json\/wp\/v2\/pages\/2304"}],"collection":[{"href":"https:\/\/renemaran.com\/index.php\/wp-json\/wp\/v2\/pages"}],"about":[{"href":"https:\/\/renemaran.com\/index.php\/wp-json\/wp\/v2\/types\/page"}],"author":[{"embeddable":true,"href":"https:\/\/renemaran.com\/index.php\/wp-json\/wp\/v2\/users\/2"}],"replies":[{"embeddable":true,"href":"https:\/\/renemaran.com\/index.php\/wp-json\/wp\/v2\/comments?post=2304"}],"version-history":[{"count":44,"href":"https:\/\/renemaran.com\/index.php\/wp-json\/wp\/v2\/pages\/2304\/revisions"}],"predecessor-version":[{"id":3875,"href":"https:\/\/renemaran.com\/index.php\/wp-json\/wp\/v2\/pages\/2304\/revisions\/3875"}],"wp:attachment":[{"href":"https:\/\/renemaran.com\/index.php\/wp-json\/wp\/v2\/media?parent=2304"}],"curies":[{"name":"wp","href":"https:\/\/api.w.org\/{rel}","templated":true}]}}